5
Calculate the remainder when 64 is divided by 39.
25
Calculate the remainder when 13557 is divided by 4506.
39
What is the remainder when 13108 is divided by 36?
4
What is the remainder when 40325 is divided by 39?
38
Calculate the remainder when 150647 is divided by 50203.
38
Calculate the remainder when 914473 is divided by 58.
45
Calculate the remainder when 181154 is divided by 195.
194
Calculate the remainder when 11654 is divided by 583.
577
What is the remainder when 147727 is divided by 311?
2
What is the remainder when 9231 is divided by 542?
17
Calculate the remainder when 1867 is divided by 689.
489
Calculate the remainder when 135349 is divided by 39.
19
Calculate the remainder when 29312 is divided by 274.
268
Calculate the remainder when 297888 is divided by 33.
30
What is the remainder when 4495 is divided by 107?
1
Calculate the remainder when 7644 is divided by 1905.
24
Calculate the remainder when 24138 is divided by 24121.
17
Calculate the remainder when 17219 is divided by 36.
11
Calculate the remainder when 39725 is divided by 1054.
727
Calculate the remainder when 20936 is divided by 920.
696
What is the remainder when 29052 is divided by 29?
23
Calculate the remainder when 308820 is divided by 586.
584
What is the remainder when 14194 is divided by 14053?
141
Calculate the remainder when 7261 is divided by 774.
295
Calculate the remainder when 18647 is divided by 86.
71
Calculate the remainder when 10455 is divided by 181.
138
What is the remainder when 10586 is divided by 6?
2
What is the remainder when 10387 is divided by 32?
19
What is the remainder when 5901 is divided by 5875?
26
Calculate the remainder when 4980 is divided by 187.
118
What is the remainder when 12325 is divided by 4102?
19
Calculate the remainder when 10559 is divided by 2105.
34
What is the remainder when 341470 is divided by 28455?
10
What is the remainder when 1004088 is divided by 428?
0
What is the remainder when 802812 is divided by 281?
276
What is the remainder when 8093 is divided by 3992?
109
What is the remainder when 13711 is divided by 381?
376
Calculate the remainder when 56811 is divided by 848.
843
What is the remainder when 2837 is divided by 15?
2
Calculate the remainder when 2093 is divided by 30.
23
Calculate the remainder when 331 is divided by 212.
119
What is the remainder when 416187 is divided by 12?
3
What is the remainder when 786288 is divided by 305?
303
What is the remainder when 9843 is divided by 68?
51
Calculate the remainder when 979067 is divided by 7.
5
What is the remainder when 2540 is divided by 21?
20
What is the remainder when 34717 is divided by 35?
32
What is the remainder when 53301 is divided by 952?
941
What is the remainder when 42945 is divided by 997?
74
What is the remainder when 4817 is divided by 961?
12
Calculate the remainder when 2989 is divided by 180.
109
Calculate the remainder when 16343 is divided by 1089.
8
Calculate the remainder when 4861 is divided by 4788.
73
Calculate the remainder when 5289 is divided by 134.
63
Calculate the remainder when 3986 is divided by 22.
4
What is the remainder when 1494 is divided by 55?
9
What is the remainder when 164493 is divided by 276?
273
What is the remainder when 392 is divided by 332?
60
Calculate the remainder when 2054 is divided by 648.
110
What is the remainder when 5973 is divided by 2?
1
Calculate the remainder when 19052 is divided by 3172.
20
Calculate the remainder when 743756 is divided by 360.
356
What is the remainder when 33070 is divided by 1095?
220
What is the remainder when 27983 is divided by 75?
8
What is the remainder when 372408 is divided by 46?
38
Calculate the remainder when 153900 is divided by 690.
30
What is the remainder when 399173 is divided by 199570?
33
What is the remainder when 132875 is divided by 1872?
1835
What is the remainder when 80691 is divided by 20171?
7
What is the remainder when 97402 is divided by 453?
7
What is the remainder when 9630 is divided by 70?
40
What is the remainder when 158667 is divided by 774?
771
What is the remainder when 11099 is divided by 33?
11
Calculate the remainder when 49280 is divided by 3080.
0
What is the remainder when 49480 is divided by 16489?
13
What is the remainder when 83280 is divided by 85?
65
Calculate the remainder when 70238 is divided by 14046.
8
Calculate the remainder when 2899 is divided by 4.
3
Calculate the remainder when 13827 is divided by 1270.
1127
Calculate the remainder when 11421 is divided by 13.
7
Calculate the remainder when 27116 is divided by 3387.
20
Calculate the remainder when 1749 is divided by 833.
83
Calculate the remainder when 87343 is divided by 43632.
79
Calculate the remainder when 146270 is divided by 194.
188
Calculate the remainder when 19140 is divided by 2165.
1820
Calculate the remainder when 892 is divided by 880.
12
What is the remainder when 1604 is divided by 396?
20
What is the remainder when 214440 is divided by 309?
303
Calculate the remainder when 900 is divided by 400.
100
What is the remainder when 1012 is divided by 486?
40
What is the remainder when 447919 is divided by 40719?
10
What is the remainder when 2308947 is divided by 1588?
1583
What is the remainder when 39344 is divided by 17?
6
Calculate the remainder when 19632 is divided by 17.
14
Calculate the remainder when 126576 is divided by 1046.
10
Calculate the remainder when 1573 is divided by 117.
52
Calculate the remainder when 282043 is divided by 25638.
25
Calculate the remainder when 6680 is divided by 222.
20
Calculate the remainder when 6847 is divided by 5307.
1540
Calculate the remainder when 4276 is divided by 2128.
20
What is the remainder when 75259 is divided by 20?
19
Calculate the remainder when 2507 is divided by 37.
28
Calculate the remainder when 60207 is divided by 424.
423
Calculate the remainder when 109277 is divided by 36406.
59
Calculate the remainder when 1180 is divided by 322.
214
What is the remainder when 11656 is divided by 201?
199
Calculate the remainder when 184195 is divided by 413.
410
Calculate the remainder when 234 is divided by 142.
92
Calculate the remainder when 3972563 is divided by 201.
200
What is the remainder when 28874 is divided by 265?
254
What is the remainder when 82289 is divided by 7?
4
What is the remainder when 1486 is divided by 33?
1
What is the remainder when 115748 is divided by 42?
38
What is the remainder when 15306 is divided by 78?
18
What is the remainder when 158969 is divided by 4295?
54
Calculate the remainder when 23924 is divided by 598.
4
What is the remainder when 2681 is divided by 382?
7
What is the remainder when 17234 is divided by 11?
8
Calculate the remainder when 187037 is divided by 280.
277
Calculate the remainder when 29776 is divided by 68.
60
Calculate the remainder when 74132 is divided by 7.
2
Calculate the remainder when 186302 is divided by 37.
7
What is the remainder when 62994 is divided by 13?
9
Calculate the remainder when 53420 is divided by 318.
314
Calculate the remainder when 526691 is divided by 380.
11
Calculate the remainder when 886273 is divided by 11.
3
Calculate the remainder when 267041 is divided by 101.
98
Calculate the remainder when 10395 is divided by 112.
91
What is the remainder when 16680 is divided by 298?
290
What is the remainder when 50858 is divided by 480?
458
Calculate the remainder when 527285 is divided by 19.
16
What is the remainder when 91 is divided by 39?
13
What is the remainder when 7972 is divided by 2653?
13
What is the remainder when 495402 is divided by 463?
455
What is the remainder when 15621 is divided by 335?
211
Calculate the remainder when 1087435 is divided by 71.
70
Calculate the remainder when 9638 is divided by 482.
480
Calculate the remainder when 25747 is divided by 14.
1
Calculate the remainder when 11399 is divided by 1266.
5
Calculate the remainder when 71279 is divided by 10.
9
Calculate the remainder when 289812 is divided by 163.
161
What is the remainder when 4044 is divided by 1981?
82
Calculate the remainder when 1954 is divided by 162.
10
What is the remainder when 18137 is divided by 2261?
49
Calculate the remainder when 31379 is divided by 160.
19
Calculate the remainder when 3748 is divided by 235.